{"id":1402,"date":"2022-06-09T14:54:04","date_gmt":"2022-06-09T12:54:04","guid":{"rendered":"https:\/\/exclusivebrussels.com\/jardindesolives\/?page_id=1402"},"modified":"2022-08-26T16:29:01","modified_gmt":"2022-08-26T14:29:01","slug":"contact","status":"publish","type":"page","link":"https:\/\/exclusivebrussels.be\/jardindesolives\/contact\/","title":{"rendered":"Contact"},"content":{"rendered":"\t\t<div data-elementor-type=\"wp-page\" data-elementor-id=\"1402\" class=\"elementor elementor-1402\">\n\t\t\t\t\t\t\t\t\t<section class=\"elementor-section elementor-top-section elementor-element elementor-element-17a5236 elementor-section-boxed elementor-section-height-default elementor-section-height-default\" data-id=\"17a5236\" data-element_type=\"section\" data-settings=\"{&quot;background_background&quot;:&quot;classic&quot;,&quot;shape_divider_top&quot;:&quot;triangle&quot;}\">\n\t\t\t\t\t<div class=\"elementor-shape elementor-shape-top\" data-negative=\"false\">\n\t\t\t<svg xmlns=\"http:\/\/www.w3.org\/2000\/svg\" viewBox=\"0 0 1000 100\" preserveAspectRatio=\"none\">\n\t<path class=\"elementor-shape-fill\" d=\"M500,98.9L0,6.1V0h1000v6.1L500,98.9z\"\/>\n<\/svg>\t\t<\/div>\n\t\t\t\t\t<div class=\"elementor-container elementor-column-gap-default\">\n\t\t\t\t\t<div class=\"elementor-column elementor-col-100 elementor-top-column elementor-element elementor-element-beab0b5\" data-id=\"beab0b5\" data-element_type=\"column\" data-settings=\"{&quot;background_background&quot;:&quot;classic&quot;}\">\n\t\t\t<div class=\"elementor-widget-wrap elementor-element-populated\">\n\t\t\t\t\t\t\t\t<div class=\"elementor-element elementor-element-bd1a59d elementor-view-default elementor-widget elementor-widget-icon\" data-id=\"bd1a59d\" data-element_type=\"widget\" data-widget_type=\"icon.default\">\n\t\t\t\t<div class=\"elementor-widget-container\">\n\t\t\t\t\t<div class=\"elementor-icon-wrapper\">\n\t\t\t<div class=\"elementor-icon\">\n\t\t\t<svg xmlns=\"http:\/\/www.w3.org\/2000\/svg\" id=\"Calque_1\" data-name=\"Calque 1\" viewBox=\"0 0 97.4 43.68\"><defs><style>.cls-1,.cls-2{fill:#8c734b;}.cls-2{fill-rule:evenodd;}<\/style><\/defs><path class=\"cls-1\" d=\"M16.55,34.53s-.36-.6-1.55-.93a3.68,3.68,0,0,0-2.27.11,4.09,4.09,0,0,0-2.23,2.16,5.12,5.12,0,0,0-.1,3.9,5.77,5.77,0,0,0,3.3,3.29,7.29,7.29,0,0,0,5.33.09A8.31,8.31,0,0,0,23.37,39a8.85,8.85,0,0,0,.54-6.56,10.64,10.64,0,0,0-4.26-5.7,11.74,11.74,0,0,0-7.35-1.94A10.93,10.93,0,0,0,5,28.31,13.39,13.39,0,0,0,1.51,36a14.11,14.11,0,0,0,1.82,8.61A15.37,15.37,0,0,0,6.2,48.17a21.67,21.67,0,0,0,3.7,2.68,25,25,0,0,0,8.7,3c6.16.94,12.17.1,17.73-1.08s10.82-2.88,15.78-4.29a59.31,59.31,0,0,1,7.27-1.7,23.78,23.78,0,0,1,6.87-.16,9.4,9.4,0,0,1,5.5,2.46,6.17,6.17,0,0,1,1.66,5.05,6.08,6.08,0,0,1-2.22,4.35,5.59,5.59,0,0,1-4.25,1,5.52,5.52,0,0,1-3.41-1.83,4.41,4.41,0,0,1-1-3.07,3.34,3.34,0,0,1,1-2.34,2.7,2.7,0,0,1,1.79-.64,2.65,2.65,0,0,1,1.19.26c.25.13.32.27.36.25s0-.2-.23-.42a2.4,2.4,0,0,0-1.29-.51,3.13,3.13,0,0,0-2.21.57,4,4,0,0,0-1.47,2.76,5.33,5.33,0,0,0,1.06,3.75,6.5,6.5,0,0,0,4,2.36A6.83,6.83,0,0,0,72,59.52a7.5,7.5,0,0,0,2.89-5.26,7.69,7.69,0,0,0-2-6.31,10.9,10.9,0,0,0-6.4-3.06c-4.83-.75-9.91.33-14.91,1.72s-10.21,3-15.69,4.14-11.25,1.9-17,1a23.32,23.32,0,0,1-8-2.71A15.44,15.44,0,0,1,5.09,43.6a12.14,12.14,0,0,1-1.61-7.38,11.47,11.47,0,0,1,2.91-6.6,9.07,9.07,0,0,1,6-3,10,10,0,0,1,6.27,1.56A9,9,0,0,1,22.38,33a7.37,7.37,0,0,1-.33,5.44,6.92,6.92,0,0,1-3.5,3.53,6.11,6.11,0,0,1-4.43.06,4.76,4.76,0,0,1-2.8-2.57,4.29,4.29,0,0,1-.08-3.22A3.51,3.51,0,0,1,13,34.28,3.34,3.34,0,0,1,14.91,34,10.19,10.19,0,0,1,16.55,34.53Z\" transform=\"translate(-1.42 -24.81)\"><\/path><path class=\"cls-1\" d=\"M74.19,53.6a4.86,4.86,0,0,0,.21,2.34,16,16,0,0,0,2.77,5.79A19.3,19.3,0,0,0,80.24,65a15.41,15.41,0,0,0,4.46,2.67,12.15,12.15,0,0,0,5.77.75,10.47,10.47,0,0,0,5.77-2.57,8.11,8.11,0,0,0,2-2.68A7.7,7.7,0,0,0,98.83,60a6.57,6.57,0,0,0-2.93-5.26,5.78,5.78,0,0,0-5.43-.57,5.38,5.38,0,0,0-3.17,3.54,4,4,0,0,0,.89,3.83,3.54,3.54,0,0,0,2.74,1.09,2.17,2.17,0,0,0,1.66-.83c.25-.36.25-.6.2-.61s-.17.15-.44.38a2,2,0,0,1-1.42.41,3,3,0,0,1-2.05-1.06A3.07,3.07,0,0,1,88.42,58,4.3,4.3,0,0,1,91,55.41a4.43,4.43,0,0,1,4.07.57,5,5,0,0,1,2.15,4,6,6,0,0,1-.51,2.48,6.4,6.4,0,0,1-1.57,2.12,8.92,8.92,0,0,1-4.85,2.18,10.82,10.82,0,0,1-5-.56A17.24,17.24,0,0,1,78.09,61,18.42,18.42,0,0,1,75,55.75C74.51,54.39,74.32,53.58,74.19,53.6Z\" transform=\"translate(-1.42 -24.81)\"><\/path><path class=\"cls-1\" d=\"M25.22,53.15c0,.1.74.21,2.07.14a17.75,17.75,0,0,0,5.53-1.19,14.27,14.27,0,0,0,6.67-5.27A11.51,11.51,0,0,0,41.29,42a9.35,9.35,0,0,0-1-5.55,7,7,0,0,0-9.83-2.58A5.41,5.41,0,0,0,27.93,38a6,6,0,0,0,.28,2.22,4.89,4.89,0,0,0,1,1.81,4.18,4.18,0,0,0,3.21,1.37,3.71,3.71,0,0,0,2.43-1,2.84,2.84,0,0,0,.83-1.39c.08-.35,0-.55,0-.56s-.27.75-1.23,1.45a3.11,3.11,0,0,1-2,.53,3.26,3.26,0,0,1-2.33-1.21,4.44,4.44,0,0,1-.82-3.13,4,4,0,0,1,2-3,5.5,5.5,0,0,1,4.08-.59,5.41,5.41,0,0,1,3.48,2.67,7.78,7.78,0,0,1,.81,4.56A10.18,10.18,0,0,1,38.2,46a13.79,13.79,0,0,1-5.85,5,22.15,22.15,0,0,1-5.14,1.63C25.94,52.91,25.22,53,25.22,53.15Z\" transform=\"translate(-1.42 -24.81)\"><\/path><path class=\"cls-2\" d=\"M43,53.88c2.41-1,8.46-1.63,10.84.3,1.77,1.45.52,3.54-1.5,2.61a16,16,0,0,0-9.28-2.14C42.07,54.73,42.1,54.25,43,53.88Z\" transform=\"translate(-1.42 -24.81)\"><\/path><path class=\"cls-2\" d=\"M17.62,47.42a13.49,13.49,0,0,0,8.4-2.8c1.77-1.08,3.19,1,1.7,2.55C24.35,50.77,13.69,47.43,17.62,47.42Z\" transform=\"translate(-1.42 -24.81)\"><\/path><path class=\"cls-1\" d=\"M45.93,42a1.63,1.63,0,1,1-1.41,1.83A1.63,1.63,0,0,1,45.93,42Z\" transform=\"translate(-1.42 -24.81)\"><\/path><path class=\"cls-1\" d=\"M52.71,40.54a1.49,1.49,0,1,1-1.29,1.67A1.5,1.5,0,0,1,52.71,40.54Z\" transform=\"translate(-1.42 -24.81)\"><\/path><path class=\"cls-1\" d=\"M59.14,39.42a1.33,1.33,0,1,1,.33,2.63A1.32,1.32,0,0,1,58,40.91,1.34,1.34,0,0,1,59.14,39.42Z\" transform=\"translate(-1.42 -24.81)\"><\/path><\/svg>\t\t\t<\/div>\n\t\t<\/div>\n\t\t\t\t<\/div>\n\t\t\t\t<\/div>\n\t\t\t\t<div class=\"elementor-element elementor-element-6e125e4 elementor-widget elementor-widget-heading\" data-id=\"6e125e4\" data-element_type=\"widget\" data-widget_type=\"heading.default\">\n\t\t\t\t<div class=\"elementor-widget-container\">\n\t\t\t<style>\/*! elementor - v3.15.0 - 20-08-2023 *\/\n.elementor-heading-title{padding:0;margin:0;line-height:1}.elementor-widget-heading .elementor-heading-title[class*=elementor-size-]>a{color:inherit;font-size:inherit;line-height:inherit}.elementor-widget-heading .elementor-heading-title.elementor-size-small{font-size:15px}.elementor-widget-heading .elementor-heading-title.elementor-size-medium{font-size:19px}.elementor-widget-heading .elementor-heading-title.elementor-size-large{font-size:29px}.elementor-widget-heading .elementor-heading-title.elementor-size-xl{font-size:39px}.elementor-widget-heading .elementor-heading-title.elementor-size-xxl{font-size:59px}<\/style><h2 class=\"elementor-heading-title elementor-size-default\">Contactez-nous<\/h2>\t\t<\/div>\n\t\t\t\t<\/div>\n\t\t\t\t<div class=\"elementor-element elementor-element-e1318f3 elementor-widget elementor-widget-text-editor\" data-id=\"e1318f3\" data-element_type=\"widget\" data-widget_type=\"text-editor.default\">\n\t\t\t\t<div class=\"elementor-widget-container\">\n\t\t\t<style>\/*! elementor - v3.15.0 - 20-08-2023 *\/\n.elementor-widget-text-editor.elementor-drop-cap-view-stacked .elementor-drop-cap{background-color:#69727d;color:#fff}.elementor-widget-text-editor.elementor-drop-cap-view-framed .elementor-drop-cap{color:#69727d;border:3px solid;background-color:transparent}.elementor-widget-text-editor:not(.elementor-drop-cap-view-default) .elementor-drop-cap{margin-top:8px}.elementor-widget-text-editor:not(.elementor-drop-cap-view-default) .elementor-drop-cap-letter{width:1em;height:1em}.elementor-widget-text-editor .elementor-drop-cap{float:left;text-align:center;line-height:1;font-size:50px}.elementor-widget-text-editor .elementor-drop-cap-letter{display:inline-block}<\/style>\t\t\t\t<p>N\u2019h\u00e9sitez pas \u00e0 nous contacter pour toute information compl\u00e9mentaire,<br \/>commande de paniers cadeaux,<br \/>privatisation de salle,<br \/>menu de groupe,<br \/>commande de lunch \u00e0 livrer au bureau,<br \/>&#8230;<\/p><p>Un r\u00e9servation au restaurant ? Privil\u00e9giez le bouton \u00ab\u00a0RESERVER\u00a0\u00bb ou +32 2 726 86 60<\/p><p>Au plaisir de vous accueillir prochainement au Jardin des Olives!<\/p>\t\t\t\t\t\t<\/div>\n\t\t\t\t<\/div>\n\t\t\t\t<div class=\"elementor-element elementor-element-c045893 elementor-button-align-stretch elementor-widget elementor-widget-form\" data-id=\"c045893\" data-element_type=\"widget\" data-settings=\"{&quot;button_width&quot;:&quot;25&quot;,&quot;step_next_label&quot;:&quot;Next&quot;,&quot;step_previous_label&quot;:&quot;Previous&quot;,&quot;step_type&quot;:&quot;number_text&quot;,&quot;step_icon_shape&quot;:&quot;circle&quot;}\" data-widget_type=\"form.default\">\n\t\t\t\t<div class=\"elementor-widget-container\">\n\t\t\t<style>\/*! elementor-pro - v3.7.0 - 08-05-2022 *\/\n.elementor-button.elementor-hidden,.elementor-hidden{display:none}.e-form__step{width:100%}.e-form__step:not(.elementor-hidden){display:-webkit-box;display:-ms-flexbox;display:flex;-ms-flex-wrap:wrap;flex-wrap:wrap}.e-form__buttons{-ms-flex-wrap:wrap;flex-wrap:wrap}.e-form__buttons,.e-form__buttons__wrapper{display:-webkit-box;display:-ms-flexbox;display:flex}.e-form__indicators{-webkit-box-pack:justify;-ms-flex-pack:justify;justify-content:space-between;-ms-flex-wrap:nowrap;flex-wrap:nowrap;font-size:13px;margin-bottom:var(--e-form-steps-indicators-spacing)}.e-form__indicators,.e-form__indicators__indicator{display:-webkit-box;display:-ms-flexbox;display:flex;-webkit-box-align:center;-ms-flex-align:center;align-items:center}.e-form__indicators__indicator{-webkit-box-orient:vertical;-webkit-box-direction:normal;-ms-flex-direction:column;flex-direction:column;-webkit-box-pack:center;-ms-flex-pack:center;justify-content:center;-ms-flex-preferred-size:0;flex-basis:0;padding:0 var(--e-form-steps-divider-gap)}.e-form__indicators__indicator__progress{width:100%;position:relative;background-color:var(--e-form-steps-indicator-progress-background-color);border-radius:var(--e-form-steps-indicator-progress-border-radius);overflow:hidden}.e-form__indicators__indicator__progress__meter{width:var(--e-form-steps-indicator-progress-meter-width,0);height:var(--e-form-steps-indicator-progress-height);line-height:var(--e-form-steps-indicator-progress-height);padding-right:15px;border-radius:var(--e-form-steps-indicator-progress-border-radius);background-color:var(--e-form-steps-indicator-progress-color);color:var(--e-form-steps-indicator-progress-meter-color);text-align:right;-webkit-transition:width .1s linear;-o-transition:width .1s linear;transition:width .1s linear}.e-form__indicators__indicator:first-child{padding-left:0}.e-form__indicators__indicator:last-child{padding-right:0}.e-form__indicators__indicator--state-inactive{color:var(--e-form-steps-indicator-inactive-primary-color,#c2cbd2)}.e-form__indicators__indicator--state-inactive [class*=indicator--shape-]:not(.e-form__indicators__indicator--shape-none){background-color:var(--e-form-steps-indicator-inactive-secondary-color,#fff)}.e-form__indicators__indicator--state-inactive object,.e-form__indicators__indicator--state-inactive svg{fill:var(--e-form-steps-indicator-inactive-primary-color,#c2cbd2)}.e-form__indicators__indicator--state-active{color:var(--e-form-steps-indicator-active-primary-color,#39b54a);border-color:var(--e-form-steps-indicator-active-secondary-color,#fff)}.e-form__indicators__indicator--state-active [class*=indicator--shape-]:not(.e-form__indicators__indicator--shape-none){background-color:var(--e-form-steps-indicator-active-secondary-color,#fff)}.e-form__indicators__indicator--state-active object,.e-form__indicators__indicator--state-active svg{fill:var(--e-form-steps-indicator-active-primary-color,#39b54a)}.e-form__indicators__indicator--state-completed{color:var(--e-form-steps-indicator-completed-secondary-color,#fff)}.e-form__indicators__indicator--state-completed [class*=indicator--shape-]:not(.e-form__indicators__indicator--shape-none){background-color:var(--e-form-steps-indicator-completed-primary-color,#39b54a)}.e-form__indicators__indicator--state-completed .e-form__indicators__indicator__label{color:var(--e-form-steps-indicator-completed-primary-color,#39b54a)}.e-form__indicators__indicator--state-completed .e-form__indicators__indicator--shape-none{color:var(--e-form-steps-indicator-completed-primary-color,#39b54a);background-color:initial}.e-form__indicators__indicator--state-completed object,.e-form__indicators__indicator--state-completed svg{fill:var(--e-form-steps-indicator-completed-secondary-color,#fff)}.e-form__indicators__indicator__icon{width:var(--e-form-steps-indicator-padding,30px);height:var(--e-form-steps-indicator-padding,30px);font-size:var(--e-form-steps-indicator-icon-size);border-width:1px;border-style:solid;display:-webkit-box;display:-ms-flexbox;display:flex;-webkit-box-pack:center;-ms-flex-pack:center;justify-content:center;-webkit-box-align:center;-ms-flex-align:center;align-items:center;overflow:hidden;margin-bottom:10px}.e-form__indicators__indicator__icon img,.e-form__indicators__indicator__icon object,.e-form__indicators__indicator__icon svg{width:var(--e-form-steps-indicator-icon-size);height:auto}.e-form__indicators__indicator__icon .e-font-icon-svg{height:1em}.e-form__indicators__indicator__number{width:var(--e-form-steps-indicator-padding,30px);height:var(--e-form-steps-indicator-padding,30px);border-width:1px;border-style:solid;display:-webkit-box;display:-ms-flexbox;display:flex;-webkit-box-pack:center;-ms-flex-pack:center;justify-content:center;-webkit-box-align:center;-ms-flex-align:center;align-items:center;margin-bottom:10px}.e-form__indicators__indicator--shape-circle{border-radius:50%}.e-form__indicators__indicator--shape-square{border-radius:0}.e-form__indicators__indicator--shape-rounded{border-radius:5px}.e-form__indicators__indicator--shape-none{border:0}.e-form__indicators__indicator__label{text-align:center}.e-form__indicators__indicator__separator{width:100%;height:var(--e-form-steps-divider-width);background-color:#c2cbd2}.e-form__indicators--type-icon,.e-form__indicators--type-icon_text,.e-form__indicators--type-number,.e-form__indicators--type-number_text{-webkit-box-align:start;-ms-flex-align:start;align-items:flex-start}.e-form__indicators--type-icon .e-form__indicators__indicator__separator,.e-form__indicators--type-icon_text .e-form__indicators__indicator__separator,.e-form__indicators--type-number .e-form__indicators__indicator__separator,.e-form__indicators--type-number_text .e-form__indicators__indicator__separator{margin-top:calc(var(--e-form-steps-indicator-padding, 30px) \/ 2 - var(--e-form-steps-divider-width, 1px) \/ 2)}.elementor-field-type-hidden{display:none}.elementor-field-type-html{display:inline-block}.elementor-login .elementor-lost-password,.elementor-login .elementor-remember-me{font-size:.85em}.elementor-field-type-recaptcha_v3 .elementor-field-label{display:none}.elementor-field-type-recaptcha_v3 .grecaptcha-badge{z-index:1}.elementor-button .elementor-form-spinner{-webkit-box-ordinal-group:4;-ms-flex-order:3;order:3}.elementor-form .elementor-button>span{display:-webkit-box;display:-ms-flexbox;display:flex;-webkit-box-pack:center;-ms-flex-pack:center;justify-content:center;-webkit-box-align:center;-ms-flex-align:center;align-items:center}.elementor-form .elementor-button .elementor-button-text{white-space:normal;-webkit-box-flex:0;-ms-flex-positive:0;flex-grow:0}.elementor-form .elementor-button svg{height:auto}.elementor-form .elementor-button .e-font-icon-svg{height:1em}<\/style>\t\t<form class=\"elementor-form\" method=\"post\" name=\"New Form\">\n\t\t\t<input type=\"hidden\" name=\"post_id\" value=\"1402\"\/>\n\t\t\t<input type=\"hidden\" name=\"form_id\" value=\"c045893\"\/>\n\t\t\t<input type=\"hidden\" name=\"referer_title\" value=\"\" \/>\n\n\t\t\t\n\t\t\t<div class=\"elementor-form-fields-wrapper elementor-labels-above\">\n\t\t\t\t\t\t\t\t<div class=\"elementor-field-type-text elementor-field-group elementor-column elementor-field-group-name elementor-col-50\">\n\t\t\t\t\t\t\t\t\t\t\t\t\t<input size=\"1\" type=\"text\" name=\"form_fields[name]\" id=\"form-field-name\" class=\"elementor-field elementor-size-sm  elementor-field-textual\" placeholder=\"Nom\">\n\t\t\t\t\t\t\t\t\t\t\t<\/div>\n\t\t\t\t\t\t\t\t<div class=\"elementor-field-type-text elementor-field-group elementor-column elementor-field-group-field_3984203 elementor-col-50\">\n\t\t\t\t\t\t\t\t\t\t\t\t\t<input size=\"1\" type=\"text\" name=\"form_fields[field_3984203]\" id=\"form-field-field_3984203\" class=\"elementor-field elementor-size-sm  elementor-field-textual\" placeholder=\"Pr\u00e9nom\">\n\t\t\t\t\t\t\t\t\t\t\t<\/div>\n\t\t\t\t\t\t\t\t<div class=\"elementor-field-type-email elementor-field-group elementor-column elementor-field-group-email elementor-col-100 elementor-field-required elementor-mark-required\">\n\t\t\t\t\t\t\t\t\t\t\t\t\t<input size=\"1\" type=\"email\" name=\"form_fields[email]\" id=\"form-field-email\" class=\"elementor-field elementor-size-sm  elementor-field-textual\" placeholder=\"Email\" required=\"required\" aria-required=\"true\">\n\t\t\t\t\t\t\t\t\t\t\t<\/div>\n\t\t\t\t\t\t\t\t<div class=\"elementor-field-type-textarea elementor-field-group elementor-column elementor-field-group-message elementor-col-100\">\n\t\t\t\t\t<textarea class=\"elementor-field-textual elementor-field  elementor-size-sm\" name=\"form_fields[message]\" id=\"form-field-message\" rows=\"4\" placeholder=\"Message\"><\/textarea>\t\t\t\t<\/div>\n\t\t\t\t\t\t\t\t<div class=\"elementor-field-group elementor-column elementor-field-type-submit elementor-col-25 e-form__buttons\">\n\t\t\t\t\t<button type=\"submit\" class=\"elementor-button elementor-size-sm\">\n\t\t\t\t\t\t<span >\n\t\t\t\t\t\t\t\t\t\t\t\t\t\t\t<span class=\" elementor-button-icon\">\n\t\t\t\t\t\t\t\t\t\t\t\t\t\t\t\t\t\t\t\t\t\t\t\t\t\t<\/span>\n\t\t\t\t\t\t\t\t\t\t\t\t\t\t\t\t\t\t\t\t\t\t<span class=\"elementor-button-text\">Envoyer<\/span>\n\t\t\t\t\t\t\t\t\t\t\t\t\t<\/span>\n\t\t\t\t\t<\/button>\n\t\t\t\t<\/div>\n\t\t\t<\/div>\n\t\t<\/form>\n\t\t\t\t<\/div>\n\t\t\t\t<\/div>\n\t\t\t\t\t<\/div>\n\t\t<\/div>\n\t\t\t\t\t\t\t<\/div>\n\t\t<\/section>\n\t\t\t\t<section class=\"elementor-section elementor-top-section elementor-element elementor-element-240e76d6 elementor-section-boxed elementor-section-height-default elementor-section-height-default\" data-id=\"240e76d6\" data-element_type=\"section\" data-settings=\"{&quot;shape_divider_top&quot;:&quot;curve&quot;,&quot;shape_divider_bottom&quot;:&quot;curve&quot;}\">\n\t\t\t\t\t<div class=\"elementor-shape elementor-shape-top\" data-negative=\"false\">\n\t\t\t<svg xmlns=\"http:\/\/www.w3.org\/2000\/svg\" viewBox=\"0 0 1000 100\" preserveAspectRatio=\"none\">\n    <path class=\"elementor-shape-fill\" d=\"M1000,4.3V0H0v4.3C0.9,23.1,126.7,99.2,500,100S1000,22.7,1000,4.3z\"\/>\n<\/svg>\t\t<\/div>\n\t\t\t\t<div class=\"elementor-shape elementor-shape-bottom\" data-negative=\"false\">\n\t\t\t<svg xmlns=\"http:\/\/www.w3.org\/2000\/svg\" viewBox=\"0 0 1000 100\" preserveAspectRatio=\"none\">\n    <path class=\"elementor-shape-fill\" d=\"M1000,4.3V0H0v4.3C0.9,23.1,126.7,99.2,500,100S1000,22.7,1000,4.3z\"\/>\n<\/svg>\t\t<\/div>\n\t\t\t\t\t<div class=\"elementor-container elementor-column-gap-default\">\n\t\t\t\t\t<div class=\"elementor-column elementor-col-50 elementor-top-column elementor-element elementor-element-e64042e\" data-id=\"e64042e\" data-element_type=\"column\">\n\t\t\t<div class=\"elementor-widget-wrap elementor-element-populated\">\n\t\t\t\t\t\t\t\t<div class=\"elementor-element elementor-element-10b7a39a elementor-widget elementor-widget-heading\" data-id=\"10b7a39a\" data-element_type=\"widget\" data-widget_type=\"heading.default\">\n\t\t\t\t<div class=\"elementor-widget-container\">\n\t\t\t<h2 class=\"elementor-heading-title elementor-size-default\">Coordonn\u00e9es et horaires<\/h2>\t\t<\/div>\n\t\t\t\t<\/div>\n\t\t\t\t<div class=\"elementor-element elementor-element-5f21faf elementor-widget elementor-widget-text-editor\" data-id=\"5f21faf\" data-element_type=\"widget\" data-widget_type=\"text-editor.default\">\n\t\t\t\t<div class=\"elementor-widget-container\">\n\t\t\t\t\t\t\t<p>Rue du March\u00e9 au Charbon 96 &amp; 100<br \/>1000 Bruxelles<\/p>\t\t\t\t\t\t<\/div>\n\t\t\t\t<\/div>\n\t\t\t\t<div class=\"elementor-element elementor-element-3e99a404 elementor-widget elementor-widget-text-editor\" data-id=\"3e99a404\" data-element_type=\"widget\" data-widget_type=\"text-editor.default\">\n\t\t\t\t<div class=\"elementor-widget-container\">\n\t\t\t\t\t\t\t<p>HORAIRES &#8211; voir ci-dessous<\/p>\t\t\t\t\t\t<\/div>\n\t\t\t\t<\/div>\n\t\t\t\t\t<\/div>\n\t\t<\/div>\n\t\t\t\t<div class=\"elementor-column elementor-col-50 elementor-top-column elementor-element elementor-element-638cd58f\" data-id=\"638cd58f\" data-element_type=\"column\">\n\t\t\t<div class=\"elementor-widget-wrap elementor-element-populated\">\n\t\t\t\t\t\t\t\t<div class=\"elementor-element elementor-element-54cac653 elementor-widget elementor-widget-google_maps\" data-id=\"54cac653\" data-element_type=\"widget\" data-widget_type=\"google_maps.default\">\n\t\t\t\t<div class=\"elementor-widget-container\">\n\t\t\t<style>\/*! elementor - v3.15.0 - 20-08-2023 *\/\n.elementor-widget-google_maps .elementor-widget-container{overflow:hidden}.elementor-widget-google_maps .elementor-custom-embed{line-height:0}.elementor-widget-google_maps iframe{height:300px}<\/style>\t\t<div class=\"elementor-custom-embed\">\n\t\t\t<iframe loading=\"lazy\"\n\t\t\t\t\tsrc=\"https:\/\/maps.google.com\/maps?q=Jardin%20des%20olives&#038;t=m&#038;z=16&#038;output=embed&#038;iwloc=near\"\n\t\t\t\t\ttitle=\"Jardin des olives\"\n\t\t\t\t\taria-label=\"Jardin des olives\"\n\t\t\t><\/iframe>\n\t\t<\/div>\n\t\t\t\t<\/div>\n\t\t\t\t<\/div>\n\t\t\t\t\t<\/div>\n\t\t<\/div>\n\t\t\t\t\t\t\t<\/div>\n\t\t<\/section>\n\t\t\t\t\t\t\t<\/div>\n\t\t","protected":false},"excerpt":{"rendered":"<p>Contactez-nous N\u2019h\u00e9sitez pas \u00e0 nous contacter pour toute information compl\u00e9mentaire,commande de paniers cadeaux,privatisation de salle,menu de groupe,commande de lunch \u00e0 livrer au bureau,&#8230; Un r\u00e9servation au restaurant ? Privil\u00e9giez le bouton \u00ab\u00a0RESERVER\u00a0\u00bb ou +32 2 726 86 60 Au plaisir de vous accueillir prochainement au Jardin des Olives! Coordonn\u00e9es et horaires Rue du March\u00e9 au [&hellip;]<\/p>\n","protected":false},"author":1,"featured_media":0,"parent":0,"menu_order":0,"comment_status":"closed","ping_status":"closed","template":"","meta":[],"_links":{"self":[{"href":"https:\/\/exclusivebrussels.be\/jardindesolives\/wp-json\/wp\/v2\/pages\/1402"}],"collection":[{"href":"https:\/\/exclusivebrussels.be\/jardindesolives\/wp-json\/wp\/v2\/pages"}],"about":[{"href":"https:\/\/exclusivebrussels.be\/jardindesolives\/wp-json\/wp\/v2\/types\/page"}],"author":[{"embeddable":true,"href":"https:\/\/exclusivebrussels.be\/jardindesolives\/wp-json\/wp\/v2\/users\/1"}],"replies":[{"embeddable":true,"href":"https:\/\/exclusivebrussels.be\/jardindesolives\/wp-json\/wp\/v2\/comments?post=1402"}],"version-history":[{"count":34,"href":"https:\/\/exclusivebrussels.be\/jardindesolives\/wp-json\/wp\/v2\/pages\/1402\/revisions"}],"predecessor-version":[{"id":1782,"href":"https:\/\/exclusivebrussels.be\/jardindesolives\/wp-json\/wp\/v2\/pages\/1402\/revisions\/1782"}],"wp:attachment":[{"href":"https:\/\/exclusivebrussels.be\/jardindesolives\/wp-json\/wp\/v2\/media?parent=1402"}],"curies":[{"name":"wp","href":"https:\/\/api.w.org\/{rel}","templated":true}]}}