{"id":48,"date":"2022-02-02T13:55:24","date_gmt":"2022-02-02T12:55:24","guid":{"rendered":"https:\/\/exclusivebrussels.com\/jardindesolives\/?page_id=48"},"modified":"2023-12-18T15:24:55","modified_gmt":"2023-12-18T14:24:55","slug":"panier-cadeau","status":"publish","type":"page","link":"https:\/\/exclusivebrussels.be\/jardindesolives\/panier-cadeau\/","title":{"rendered":"Panier cadeau"},"content":{"rendered":"\t\t<div data-elementor-type=\"wp-page\" data-elementor-id=\"48\" class=\"elementor elementor-48\">\n\t\t\t\t\t\t\t\t\t<section class=\"elementor-section elementor-top-section elementor-element elementor-element-7be88b12 elementor-section-full_width elementor-section-height-min-height elementor-section-height-default elementor-section-items-middle\" data-id=\"7be88b12\" data-element_type=\"section\" data-settings=\"{&quot;background_background&quot;:&quot;classic&quot;,&quot;shape_divider_bottom&quot;:&quot;curve&quot;}\">\n\t\t\t\t\t<div class=\"elementor-shape elementor-shape-bottom\" data-negative=\"false\">\n\t\t\t<svg xmlns=\"http:\/\/www.w3.org\/2000\/svg\" viewBox=\"0 0 1000 100\" preserveAspectRatio=\"none\">\n    <path class=\"elementor-shape-fill\" d=\"M1000,4.3V0H0v4.3C0.9,23.1,126.7,99.2,500,100S1000,22.7,1000,4.3z\"\/>\n<\/svg>\t\t<\/div>\n\t\t\t\t\t<div class=\"elementor-container elementor-column-gap-default\">\n\t\t\t\t\t<div class=\"elementor-column elementor-col-50 elementor-top-column elementor-element elementor-element-9f62cc3\" data-id=\"9f62cc3\" data-element_type=\"column\" data-settings=\"{&quot;background_background&quot;:&quot;classic&quot;}\">\n\t\t\t<div class=\"elementor-widget-wrap elementor-element-populated\">\n\t\t\t\t\t\t\t\t<div class=\"elementor-element elementor-element-51c81023 elementor-widget elementor-widget-heading\" data-id=\"51c81023\" data-element_type=\"widget\" data-widget_type=\"heading.default\">\n\t\t\t\t<div class=\"elementor-widget-container\">\n\t\t\t<style>\/*! elementor - v3.15.0 - 20-08-2023 *\/\n.elementor-heading-title{padding:0;margin:0;line-height:1}.elementor-widget-heading .elementor-heading-title[class*=elementor-size-]>a{color:inherit;font-size:inherit;line-height:inherit}.elementor-widget-heading .elementor-heading-title.elementor-size-small{font-size:15px}.elementor-widget-heading .elementor-heading-title.elementor-size-medium{font-size:19px}.elementor-widget-heading .elementor-heading-title.elementor-size-large{font-size:29px}.elementor-widget-heading .elementor-heading-title.elementor-size-xl{font-size:39px}.elementor-widget-heading .elementor-heading-title.elementor-size-xxl{font-size:59px}<\/style><h1 class=\"elementor-heading-title elementor-size-default\">Panier cadeau gourmand et coffret vins<\/h1>\t\t<\/div>\n\t\t\t\t<\/div>\n\t\t\t\t<div class=\"elementor-element elementor-element-3ca7d310 elementor-widget elementor-widget-text-editor\" data-id=\"3ca7d310\" data-element_type=\"widget\" data-widget_type=\"text-editor.default\">\n\t\t\t\t<div class=\"elementor-widget-container\">\n\t\t\t<style>\/*! elementor - v3.15.0 - 20-08-2023 *\/\n.elementor-widget-text-editor.elementor-drop-cap-view-stacked .elementor-drop-cap{background-color:#69727d;color:#fff}.elementor-widget-text-editor.elementor-drop-cap-view-framed .elementor-drop-cap{color:#69727d;border:3px solid;background-color:transparent}.elementor-widget-text-editor:not(.elementor-drop-cap-view-default) .elementor-drop-cap{margin-top:8px}.elementor-widget-text-editor:not(.elementor-drop-cap-view-default) .elementor-drop-cap-letter{width:1em;height:1em}.elementor-widget-text-editor .elementor-drop-cap{float:left;text-align:center;line-height:1;font-size:50px}.elementor-widget-text-editor .elementor-drop-cap-letter{display:inline-block}<\/style>\t\t\t\t<p>Une id\u00e9e cadeau originale et sur mesure pour toutes les occasions.<br \/>Des produits artisanaux, locaux, biologiques et de qualit\u00e9 s\u00e9lectionn\u00e9s avec soin pour ravir les papilles les plus exigeantes!<br \/>Faites votre choix parmi notre proposition de paniers cadeaux th\u00e9matiques ou composez le v\u00f4tre \u201c\u00e0 la carte\u00a0\u00bb au gr\u00e9 de vos envies et de votre budget.<\/p>\t\t\t\t\t\t<\/div>\n\t\t\t\t<\/div>\n\t\t\t\t<div class=\"elementor-element elementor-element-68b1c7f4 elementor-widget elementor-widget-button\" data-id=\"68b1c7f4\" data-element_type=\"widget\" data-widget_type=\"button.default\">\n\t\t\t\t<div class=\"elementor-widget-container\">\n\t\t\t\t\t<div class=\"elementor-button-wrapper\">\n\t\t\t<a class=\"elementor-button elementor-button-link elementor-size-sm\" href=\"#cadeau\">\n\t\t\t\t\t\t<span class=\"elementor-button-content-wrapper\">\n\t\t\t\t\t\t<span class=\"elementor-button-text\">D\u00e9couvrir notre s\u00e9lection de produits<\/span>\n\t\t<\/span>\n\t\t\t\t\t<\/a>\n\t\t<\/div>\n\t\t\t\t<\/div>\n\t\t\t\t<\/div>\n\t\t\t\t\t<\/div>\n\t\t<\/div>\n\t\t\t\t<div class=\"elementor-column elementor-col-50 elementor-top-column elementor-element elementor-element-24645308\" data-id=\"24645308\" data-element_type=\"column\">\n\t\t\t<div class=\"elementor-widget-wrap\">\n\t\t\t\t\t\t\t\t\t<\/div>\n\t\t<\/div>\n\t\t\t\t\t\t\t<\/div>\n\t\t<\/section>\n\t\t\t\t<section class=\"elementor-section elementor-top-section elementor-element elementor-element-54bf80a elementor-section-boxed elementor-section-height-default elementor-section-height-default\" data-id=\"54bf80a\" data-element_type=\"section\">\n\t\t\t\t\t\t<div class=\"elementor-container elementor-column-gap-default\">\n\t\t\t\t\t<div class=\"elementor-column elementor-col-100 elementor-top-column elementor-element elementor-element-6874b5d\" data-id=\"6874b5d\" data-element_type=\"column\">\n\t\t\t<div class=\"elementor-widget-wrap elementor-element-populated\">\n\t\t\t\t\t\t\t\t<div class=\"elementor-element elementor-element-dad34f4 elementor-widget elementor-widget-heading\" data-id=\"dad34f4\" data-element_type=\"widget\" data-widget_type=\"heading.default\">\n\t\t\t\t<div class=\"elementor-widget-container\">\n\t\t\t<h2 class=\"elementor-heading-title elementor-size-default\">Le cadeau id\u00e9al<\/h2>\t\t<\/div>\n\t\t\t\t<\/div>\n\t\t\t\t<div class=\"elementor-element elementor-element-fcf45dc elementor-widget elementor-widget-text-editor\" data-id=\"fcf45dc\" data-element_type=\"widget\" data-widget_type=\"text-editor.default\">\n\t\t\t\t<div class=\"elementor-widget-container\">\n\t\t\t\t\t\t\t<p>Que ce soit pour remercier un client, un professeur, un coll\u00e8gue, un cadeau d\u2019entreprise, un anniversaire, un d\u00e9part \u00e0 la pension, un mariage, la f\u00eate des m\u00e8res, la f\u00eate des p\u00e8res, la Saint-Valentin, la No\u00ebl, une occasion sp\u00e9ciale ou juste pour le plaisir d\u2019offrir, nous d\u00e9finissons ensemble le cadeau original et personnel que vous d\u00e9sirez offrir!<\/p>\t\t\t\t\t\t<\/div>\n\t\t\t\t<\/div>\n\t\t\t\t\t<\/div>\n\t\t<\/div>\n\t\t\t\t\t\t\t<\/div>\n\t\t<\/section>\n\t\t\t\t<section class=\"elementor-section elementor-top-section elementor-element elementor-element-eafb9b5 elementor-section-boxed elementor-section-height-default elementor-section-height-default\" data-id=\"eafb9b5\" data-element_type=\"section\" id=\"cadeau\">\n\t\t\t\t\t\t<div class=\"elementor-container elementor-column-gap-default\">\n\t\t\t\t\t<div class=\"elementor-column elementor-col-33 elementor-top-column elementor-element elementor-element-14ce6309\" data-id=\"14ce6309\" data-element_type=\"column\" data-settings=\"{&quot;background_background&quot;:&quot;classic&quot;}\">\n\t\t\t<div class=\"elementor-widget-wrap elementor-element-populated\">\n\t\t\t\t\t\t\t\t<div class=\"elementor-element elementor-element-62e9c475 elementor-position-top elementor-widget elementor-widget-image-box\" data-id=\"62e9c475\" data-element_type=\"widget\" data-widget_type=\"image-box.default\">\n\t\t\t\t<div class=\"elementor-widget-container\">\n\t\t\t<style>\/*! elementor - v3.15.0 - 20-08-2023 *\/\n.elementor-widget-image-box .elementor-image-box-content{width:100%}@media (min-width:768px){.elementor-widget-image-box.elementor-position-left .elementor-image-box-wrapper,.elementor-widget-image-box.elementor-position-right .elementor-image-box-wrapper{display:flex}.elementor-widget-image-box.elementor-position-right .elementor-image-box-wrapper{text-align:right;flex-direction:row-reverse}.elementor-widget-image-box.elementor-position-left .elementor-image-box-wrapper{text-align:left;flex-direction:row}.elementor-widget-image-box.elementor-position-top .elementor-image-box-img{margin:auto}.elementor-widget-image-box.elementor-vertical-align-top .elementor-image-box-wrapper{align-items:flex-start}.elementor-widget-image-box.elementor-vertical-align-middle .elementor-image-box-wrapper{align-items:center}.elementor-widget-image-box.elementor-vertical-align-bottom .elementor-image-box-wrapper{align-items:flex-end}}@media (max-width:767px){.elementor-widget-image-box .elementor-image-box-img{margin-left:auto!important;margin-right:auto!important;margin-bottom:15px}}.elementor-widget-image-box .elementor-image-box-img{display:inline-block}.elementor-widget-image-box .elementor-image-box-title a{color:inherit}.elementor-widget-image-box .elementor-image-box-wrapper{text-align:center}.elementor-widget-image-box .elementor-image-box-description{margin:0}<\/style><div class=\"elementor-image-box-wrapper\"><figure class=\"elementor-image-box-img\"><img width=\"800\" height=\"1067\" src=\"https:\/\/exclusivebrussels.be\/jardindesolives\/wp-content\/uploads\/sites\/2\/2022\/06\/prestige.jpg\" class=\"attachment-full size-full wp-image-1346\" alt=\"\" loading=\"lazy\" srcset=\"https:\/\/exclusivebrussels.be\/jardindesolives\/wp-content\/uploads\/sites\/2\/2022\/06\/prestige.jpg 800w, https:\/\/exclusivebrussels.be\/jardindesolives\/wp-content\/uploads\/sites\/2\/2022\/06\/prestige-225x300.jpg 225w, https:\/\/exclusivebrussels.be\/jardindesolives\/wp-content\/uploads\/sites\/2\/2022\/06\/prestige-768x1024.jpg 768w\" sizes=\"(max-width: 800px) 100vw, 800px\" \/><\/figure><div class=\"elementor-image-box-content\"><h3 class=\"elementor-image-box-title\">Prestige - 130*<\/h3><p class=\"elementor-image-box-description\">Flacon de vinaigre balsamique traditionnel de Mod\u00e8ne DOP Malpighi (min. 12 ans d\u2019\u00e2ge), une bouteille d\u2019huile d\u2019olives biologique extra vierge de Sicile D.0.P \u00ab Val di Mazzara \u00bb, une bouteille de Ruffus \u2013 Chardonnay Brut (\u00e9lu le meilleur des effervescents du Monde 2021), un pot de salsa tartufata bio (sauce \u00e0 la truffe blanche), une conserve gastronomique biologique \"La Truitelle\" et un paquet de Tarralini bio <br \/>\n (*+ \u20ac5 pour le coffret)<\/p><\/div><\/div>\t\t<\/div>\n\t\t\t\t<\/div>\n\t\t\t\t\t<\/div>\n\t\t<\/div>\n\t\t\t\t<div class=\"elementor-column elementor-col-33 elementor-top-column elementor-element elementor-element-658b9b9\" data-id=\"658b9b9\" data-element_type=\"column\" data-settings=\"{&quot;background_background&quot;:&quot;classic&quot;}\">\n\t\t\t<div class=\"elementor-widget-wrap elementor-element-populated\">\n\t\t\t\t\t\t\t\t<div class=\"elementor-element elementor-element-2e2ca3f4 elementor-position-top elementor-widget elementor-widget-image-box\" data-id=\"2e2ca3f4\" data-element_type=\"widget\" data-widget_type=\"image-box.default\">\n\t\t\t\t<div class=\"elementor-widget-container\">\n\t\t\t<div class=\"elementor-image-box-wrapper\"><figure class=\"elementor-image-box-img\"><img width=\"600\" height=\"800\" src=\"https:\/\/exclusivebrussels.be\/jardindesolives\/wp-content\/uploads\/sites\/2\/2023\/12\/IMG_3489-2.jpg\" class=\"attachment-full size-full wp-image-2120\" alt=\"\" loading=\"lazy\" srcset=\"https:\/\/exclusivebrussels.be\/jardindesolives\/wp-content\/uploads\/sites\/2\/2023\/12\/IMG_3489-2.jpg 600w, https:\/\/exclusivebrussels.be\/jardindesolives\/wp-content\/uploads\/sites\/2\/2023\/12\/IMG_3489-2-225x300.jpg 225w\" sizes=\"(max-width: 600px) 100vw, 600px\" \/><\/figure><div class=\"elementor-image-box-content\"><h3 class=\"elementor-image-box-title\">belge &amp; BIO - 64*<\/h3><p class=\"elementor-image-box-description\">Bouteille d'Amaretto (Noblesse) , \nune bo\u00eete de Biscuits de No\u00ebl (Generous),\nun pot de beurre de noisettes et chocolat  (Buddy Buddy) et \nun paquet de biscuit sabl\u00e9 au chocolat (Ferme No Pilif's) <br \/>\nAutres options possibles: Miel Beelgium, Ruffus, vins blancs belges, Gin belge <br \/>\n(* + \u20ac5 pour le coffret)<\/p><\/div><\/div>\t\t<\/div>\n\t\t\t\t<\/div>\n\t\t\t\t\t<\/div>\n\t\t<\/div>\n\t\t\t\t<div class=\"elementor-column elementor-col-33 elementor-top-column elementor-element elementor-element-2a77e238\" data-id=\"2a77e238\" data-element_type=\"column\" data-settings=\"{&quot;background_background&quot;:&quot;classic&quot;}\">\n\t\t\t<div class=\"elementor-widget-wrap elementor-element-populated\">\n\t\t\t\t\t\t\t\t<div class=\"elementor-element elementor-element-2a5e0e09 elementor-position-top elementor-widget elementor-widget-image-box\" data-id=\"2a5e0e09\" data-element_type=\"widget\" data-widget_type=\"image-box.default\">\n\t\t\t\t<div class=\"elementor-widget-container\">\n\t\t\t<div class=\"elementor-image-box-wrapper\"><figure class=\"elementor-image-box-img\"><img width=\"600\" height=\"800\" src=\"https:\/\/exclusivebrussels.be\/jardindesolives\/wp-content\/uploads\/sites\/2\/2023\/12\/IMG_3480.jpg\" class=\"attachment-full size-full wp-image-2131\" alt=\"\" loading=\"lazy\" srcset=\"https:\/\/exclusivebrussels.be\/jardindesolives\/wp-content\/uploads\/sites\/2\/2023\/12\/IMG_3480.jpg 600w, https:\/\/exclusivebrussels.be\/jardindesolives\/wp-content\/uploads\/sites\/2\/2023\/12\/IMG_3480-225x300.jpg 225w\" sizes=\"(max-width: 600px) 100vw, 600px\" \/><\/figure><div class=\"elementor-image-box-content\"><h3 class=\"elementor-image-box-title\">Italien &amp; bio - 93*<\/h3><p class=\"elementor-image-box-description\">Bouteille de Limoncello de Sicile (Tenute Piazza), une bouteille d\u2019huile d\u2019olives biologique extra vierge de Sicile D.0.P \u00ab Val di Mazzara \u00bb, un flacon de condiment balsamique Bianco Demeter (Guerzoni), un pot de salsa tartufata (sauce \u00e0 la truffe blanche), un pot de tapenade d'olives, un paquet de Tarralini et d'Amaretti.  <br \/>\n(* + \u20ac5 pour le coffret)<\/p><\/div><\/div>\t\t<\/div>\n\t\t\t\t<\/div>\n\t\t\t\t\t<\/div>\n\t\t<\/div>\n\t\t\t\t\t\t\t<\/div>\n\t\t<\/section>\n\t\t\t\t<section class=\"elementor-section elementor-top-section elementor-element elementor-element-99f0cb5 elementor-section-boxed elementor-section-height-default elementor-section-height-default\" data-id=\"99f0cb5\" data-element_type=\"section\">\n\t\t\t\t\t\t<div class=\"elementor-container elementor-column-gap-default\">\n\t\t\t\t\t<div class=\"elementor-column elementor-col-33 elementor-top-column elementor-element elementor-element-9b23769\" data-id=\"9b23769\" data-element_type=\"column\" data-settings=\"{&quot;background_background&quot;:&quot;classic&quot;}\">\n\t\t\t<div class=\"elementor-widget-wrap elementor-element-populated\">\n\t\t\t\t\t\t\t\t<div class=\"elementor-element elementor-element-717cff0 elementor-position-top elementor-widget elementor-widget-image-box\" data-id=\"717cff0\" data-element_type=\"widget\" data-widget_type=\"image-box.default\">\n\t\t\t\t<div class=\"elementor-widget-container\">\n\t\t\t<div class=\"elementor-image-box-wrapper\"><figure class=\"elementor-image-box-img\"><img width=\"800\" height=\"1067\" src=\"https:\/\/exclusivebrussels.be\/jardindesolives\/wp-content\/uploads\/sites\/2\/2022\/06\/Trio.jpg\" class=\"attachment-full size-full wp-image-1347\" alt=\"\" loading=\"lazy\" srcset=\"https:\/\/exclusivebrussels.be\/jardindesolives\/wp-content\/uploads\/sites\/2\/2022\/06\/Trio.jpg 800w, https:\/\/exclusivebrussels.be\/jardindesolives\/wp-content\/uploads\/sites\/2\/2022\/06\/Trio-225x300.jpg 225w, https:\/\/exclusivebrussels.be\/jardindesolives\/wp-content\/uploads\/sites\/2\/2022\/06\/Trio-768x1024.jpg 768w\" sizes=\"(max-width: 800px) 100vw, 800px\" \/><\/figure><div class=\"elementor-image-box-content\"><h3 class=\"elementor-image-box-title\">vins belges - 74*<\/h3><p class=\"elementor-image-box-description\">Ruffus - Chardonnay Brut (\u00e9lu le meilleur des effervescents du Monde 2021), vin blanc Haksberg - Cinera (c\u00e9page Auxerrois, Souvignier Gris), PTRUS Domein Petrushoeve (C\u00e9page Muscaris) <br \/>  (*+ \u20ac5 pour le coffret)\u200b<\/p><\/div><\/div>\t\t<\/div>\n\t\t\t\t<\/div>\n\t\t\t\t\t<\/div>\n\t\t<\/div>\n\t\t\t\t<div class=\"elementor-column elementor-col-33 elementor-top-column elementor-element elementor-element-20beb46\" data-id=\"20beb46\" data-element_type=\"column\" data-settings=\"{&quot;background_background&quot;:&quot;classic&quot;}\">\n\t\t\t<div class=\"elementor-widget-wrap elementor-element-populated\">\n\t\t\t\t\t\t\t\t<div class=\"elementor-element elementor-element-4649706 elementor-position-top elementor-widget elementor-widget-image-box\" data-id=\"4649706\" data-element_type=\"widget\" data-widget_type=\"image-box.default\">\n\t\t\t\t<div class=\"elementor-widget-container\">\n\t\t\t<div class=\"elementor-image-box-wrapper\"><figure class=\"elementor-image-box-img\"><img width=\"800\" height=\"1067\" src=\"https:\/\/exclusivebrussels.be\/jardindesolives\/wp-content\/uploads\/sites\/2\/2022\/06\/ginto.jpg\" class=\"attachment-full size-full wp-image-1345\" alt=\"\" loading=\"lazy\" srcset=\"https:\/\/exclusivebrussels.be\/jardindesolives\/wp-content\/uploads\/sites\/2\/2022\/06\/ginto.jpg 800w, https:\/\/exclusivebrussels.be\/jardindesolives\/wp-content\/uploads\/sites\/2\/2022\/06\/ginto-225x300.jpg 225w, https:\/\/exclusivebrussels.be\/jardindesolives\/wp-content\/uploads\/sites\/2\/2022\/06\/ginto-768x1024.jpg 768w\" sizes=\"(max-width: 800px) 100vw, 800px\" \/><\/figure><div class=\"elementor-image-box-content\"><h3 class=\"elementor-image-box-title\">GinTo Bio - 59*<\/h3><p class=\"elementor-image-box-description\">Ap\u00e9ro 100% bio : une bouteille de Gin Ardent, un bocal de citron noir en rondelle, un bocal de gousse d\u2019ail noir ap\u00e9ritive, un pot de tapenade d'olives, un paquet de tarralini <br \/>  (*+ \u20ac5 pour le coffret)\u200b\n<\/p><\/div><\/div>\t\t<\/div>\n\t\t\t\t<\/div>\n\t\t\t\t\t<\/div>\n\t\t<\/div>\n\t\t\t\t<div class=\"elementor-column elementor-col-33 elementor-top-column elementor-element elementor-element-9b547a1\" data-id=\"9b547a1\" data-element_type=\"column\" data-settings=\"{&quot;background_background&quot;:&quot;classic&quot;}\">\n\t\t\t<div class=\"elementor-widget-wrap elementor-element-populated\">\n\t\t\t\t\t\t\t\t<div class=\"elementor-element elementor-element-52fa0ef elementor-position-top elementor-widget elementor-widget-image-box\" data-id=\"52fa0ef\" data-element_type=\"widget\" data-widget_type=\"image-box.default\">\n\t\t\t\t<div class=\"elementor-widget-container\">\n\t\t\t<div class=\"elementor-image-box-wrapper\"><figure class=\"elementor-image-box-img\"><img width=\"775\" height=\"1032\" src=\"https:\/\/exclusivebrussels.be\/jardindesolives\/wp-content\/uploads\/sites\/2\/2022\/06\/Group-2-1.png\" class=\"attachment-full size-full wp-image-1385\" alt=\"\" loading=\"lazy\" srcset=\"https:\/\/exclusivebrussels.be\/jardindesolives\/wp-content\/uploads\/sites\/2\/2022\/06\/Group-2-1.png 775w, https:\/\/exclusivebrussels.be\/jardindesolives\/wp-content\/uploads\/sites\/2\/2022\/06\/Group-2-1-225x300.png 225w, https:\/\/exclusivebrussels.be\/jardindesolives\/wp-content\/uploads\/sites\/2\/2022\/06\/Group-2-1-769x1024.png 769w, https:\/\/exclusivebrussels.be\/jardindesolives\/wp-content\/uploads\/sites\/2\/2022\/06\/Group-2-1-768x1023.png 768w\" sizes=\"(max-width: 775px) 100vw, 775px\" \/><\/figure><div class=\"elementor-image-box-content\"><h3 class=\"elementor-image-box-title\">Panier cadeau 100% personnalisable<\/h3><p class=\"elementor-image-box-description\">Composez le v\u00f4tre \u201c\u00e0 la carte\" au gr\u00e9 de vos envies et de votre budget.\n<\/p><\/div><\/div>\t\t<\/div>\n\t\t\t\t<\/div>\n\t\t\t\t\t<\/div>\n\t\t<\/div>\n\t\t\t\t\t\t\t<\/div>\n\t\t<\/section>\n\t\t\t\t<section class=\"elementor-section elementor-top-section elementor-element elementor-element-4f83313 elementor-section-boxed elementor-section-height-default elementor-section-height-default\" data-id=\"4f83313\" data-element_type=\"section\">\n\t\t\t\t\t\t<div class=\"elementor-container elementor-column-gap-default\">\n\t\t\t\t\t<div class=\"elementor-column elementor-col-100 elementor-top-column elementor-element elementor-element-2c94336\" data-id=\"2c94336\" data-element_type=\"column\">\n\t\t\t<div class=\"elementor-widget-wrap elementor-element-populated\">\n\t\t\t\t\t\t\t\t<div class=\"elementor-element elementor-element-7257243 elementor-align-center elementor-widget elementor-widget-button\" data-id=\"7257243\" data-element_type=\"widget\" data-widget_type=\"button.default\">\n\t\t\t\t<div class=\"elementor-widget-container\">\n\t\t\t\t\t<div class=\"elementor-button-wrapper\">\n\t\t\t<a class=\"elementor-button elementor-size-sm\" role=\"button\">\n\t\t\t\t\t\t<span class=\"elementor-button-content-wrapper\">\n\t\t\t\t\t\t<span class=\"elementor-button-text\">Commande<\/span>\n\t\t<\/span>\n\t\t\t\t\t<\/a>\n\t\t<\/div>\n\t\t\t\t<\/div>\n\t\t\t\t<\/div>\n\t\t\t\t\t<\/div>\n\t\t<\/div>\n\t\t\t\t\t\t\t<\/div>\n\t\t<\/section>\n\t\t\t\t<section class=\"elementor-section elementor-top-section elementor-element elementor-element-7c440195 elementor-section-full_width elementor-section-height-min-height elementor-section-height-default elementor-section-items-middle\" data-id=\"7c440195\" data-element_type=\"section\" data-settings=\"{&quot;background_background&quot;:&quot;classic&quot;}\">\n\t\t\t\t\t\t<div class=\"elementor-container elementor-column-gap-default\">\n\t\t\t\t\t<div class=\"elementor-column elementor-col-33 elementor-top-column elementor-element elementor-element-d13cdcd\" data-id=\"d13cdcd\" data-element_type=\"column\">\n\t\t\t<div class=\"elementor-widget-wrap\">\n\t\t\t\t\t\t\t\t\t<\/div>\n\t\t<\/div>\n\t\t\t\t<div class=\"elementor-column elementor-col-33 elementor-top-column elementor-element elementor-element-56b3ba51\" data-id=\"56b3ba51\" data-element_type=\"column\" data-settings=\"{&quot;background_background&quot;:&quot;classic&quot;}\">\n\t\t\t<div class=\"elementor-widget-wrap elementor-element-populated\">\n\t\t\t\t\t\t\t\t<div class=\"elementor-element elementor-element-588f25c8 elementor-widget elementor-widget-heading\" data-id=\"588f25c8\" data-element_type=\"widget\" data-widget_type=\"heading.default\">\n\t\t\t\t<div class=\"elementor-widget-container\">\n\t\t\t<h2 class=\"elementor-heading-title elementor-size-default\">Bon cadeau<\/h2>\t\t<\/div>\n\t\t\t\t<\/div>\n\t\t\t\t<div class=\"elementor-element elementor-element-20832e38 elementor-widget elementor-widget-text-editor\" data-id=\"20832e38\" data-element_type=\"widget\" data-widget_type=\"text-editor.default\">\n\t\t\t\t<div class=\"elementor-widget-container\">\n\t\t\t\t\t\t\t<p>En compl\u00e9ment de nos paniers gourmands, offrez une exp\u00e9rience exclusive au travers de nos bons cadeaux! <br \/>Un repas au Restaurant<br \/>Une d\u00e9gustation de vin et tapas au Wine Bar<br \/>Une carte cadeau pour se faire plaisir avec nos produits gourmands de L\u2019Epicerie<\/p><p>MAIS AUSSI<br \/>Une journ\u00e9e bien \u00eatre ALL-IN (wellness et repas avec possibilit\u00e9 de nuit\u00e9e)<\/p>\t\t\t\t\t\t<\/div>\n\t\t\t\t<\/div>\n\t\t\t\t<div class=\"elementor-element elementor-element-264c350f elementor-align-center elementor-widget elementor-widget-button\" data-id=\"264c350f\" data-element_type=\"widget\" data-widget_type=\"button.default\">\n\t\t\t\t<div class=\"elementor-widget-container\">\n\t\t\t\t\t<div class=\"elementor-button-wrapper\">\n\t\t\t<a class=\"elementor-button elementor-button-link elementor-size-sm\" href=\"https:\/\/exclusivebrussels.be\/jardindesolives\/contact\/\">\n\t\t\t\t\t\t<span class=\"elementor-button-content-wrapper\">\n\t\t\t\t\t\t<span class=\"elementor-button-text\">Demander des infos<\/span>\n\t\t<\/span>\n\t\t\t\t\t<\/a>\n\t\t<\/div>\n\t\t\t\t<\/div>\n\t\t\t\t<\/div>\n\t\t\t\t\t<\/div>\n\t\t<\/div>\n\t\t\t\t<div class=\"elementor-column elementor-col-33 elementor-top-column elementor-element elementor-element-ccfcfc8\" data-id=\"ccfcfc8\" data-element_type=\"column\">\n\t\t\t<div class=\"elementor-widget-wrap\">\n\t\t\t\t\t\t\t\t\t<\/div>\n\t\t<\/div>\n\t\t\t\t\t\t\t<\/div>\n\t\t<\/section>\n\t\t\t\t\t\t\t<\/div>\n\t\t","protected":false},"excerpt":{"rendered":"<p>Panier cadeau gourmand et coffret vins Une id\u00e9e cadeau originale et sur mesure pour toutes les occasions.Des produits artisanaux, locaux, biologiques et de qualit\u00e9 s\u00e9lectionn\u00e9s avec soin pour ravir les papilles les plus exigeantes!Faites votre choix parmi notre proposition de paniers cadeaux th\u00e9matiques ou composez le v\u00f4tre \u201c\u00e0 la carte\u00a0\u00bb au gr\u00e9 de vos envies [&hellip;]<\/p>\n","protected":false},"author":1,"featured_media":0,"parent":0,"menu_order":0,"comment_status":"closed","ping_status":"closed","template":"","meta":[],"_links":{"self":[{"href":"https:\/\/exclusivebrussels.be\/jardindesolives\/wp-json\/wp\/v2\/pages\/48"}],"collection":[{"href":"https:\/\/exclusivebrussels.be\/jardindesolives\/wp-json\/wp\/v2\/pages"}],"about":[{"href":"https:\/\/exclusivebrussels.be\/jardindesolives\/wp-json\/wp\/v2\/types\/page"}],"author":[{"embeddable":true,"href":"https:\/\/exclusivebrussels.be\/jardindesolives\/wp-json\/wp\/v2\/users\/1"}],"replies":[{"embeddable":true,"href":"https:\/\/exclusivebrussels.be\/jardindesolives\/wp-json\/wp\/v2\/comments?post=48"}],"version-history":[{"count":82,"href":"https:\/\/exclusivebrussels.be\/jardindesolives\/wp-json\/wp\/v2\/pages\/48\/revisions"}],"predecessor-version":[{"id":2144,"href":"https:\/\/exclusivebrussels.be\/jardindesolives\/wp-json\/wp\/v2\/pages\/48\/revisions\/2144"}],"wp:attachment":[{"href":"https:\/\/exclusivebrussels.be\/jardindesolives\/wp-json\/wp\/v2\/media?parent=48"}],"curies":[{"name":"wp","href":"https:\/\/api.w.org\/{rel}","templated":true}]}}